e 7) to base 10.
614716
22130102313 (base 4) to base 13
74ac33
Convert 2522401 (base 6) to base 9.
225611
101255250 (base 8) to base 13
3719196
2a3249 (base 11) to base 7
4006266
203442313 (base 5) to base 16
cdec2
Convert -1161426 (base 7) to base 15.
-2e416
101031031131 (base 4) to base 13
c1c08c
5302b (base 12) to base 15
223ee
1100220100210 (base 3) to base 4
2301111030
-230114020 (base 5) to base 4
-3320333231
-311033120 (base 4) to base 5
-23434242
What is -14566254 (base 8) in base 10?
-3337388
What is -2073225 (base 10) in base 16?
-1fa289
Convert b1af (base 16) to base 4.
23012233
250a40 (base 12) to base 11
381a0a
Convert 1cc7a (base 15) to base 2.
10110111011110100
What is 12a370 (base 16) in base 3?
2022001120022
Convert 3331421044 (base 5) to base 12.
2539891
-31414424 (base 5) to base 9
-441703
Convert 97d55 (base 14) to base 9.
620186
Convert 52124 (base 15) to base 3.
111012211121
-1301421200 (base 5) to base 10
-3154550
120321 (base 7) to base 3
1002212100
Convert -154352 (base 9) to base 10.
-95060
Convert -2743500 (base 10) to base 7.
-32214354
-1313302 (base 4) to base 3
-101111221
Convert -55958 (base 16) to base 13.
-c3737
1573620 (base 9) to base 6
30432200
What is 49a3a (base 14) in base 16?
2c094
What is 5c4cc (base 16) in base 12?
162950
Convert -1110101101100011111111 (base 2) to base 6.
-214354451
What is 66b41 (base 12) in base 7?
1105501
What is 75b38 (base 13) in base 8?
637522
Convert 2ba1e (base 15) to base 5.
14000104
What is 724c9b (base 14) in base 16?
3ad2d9
Convert 13134101400 (base 5) to base 15.
16744d5
-3348504 (base 9) to base 14
-34d5bd
Convert 93133 (base 14) to base 2.
1010110011110101001
Convert 38a4097 (base 12) to base 7.
163612114
Convert 1a6e15 (base 15) to base 3.
2102111020102
Convert 10021002112020 (base 3) to base 16.
1a753a
Convert 54234 (base 13) to base 14.
3d554
-425141221 (base 6) to base 12
-262a811
212106 (base 9) to base 11
86901
Convert 2050217 (base 8) to base 4.
2011002033
Convert 10212022011100 (base 3) to base 15.
2a8456
1ec1d (base 15) to base 2
11000100011111011
What is -110111110100000101110001 (base 2) in base 16?
-df4171
What is 101110100000100110010010 (base 2) in base 15?
110c74b
Convert -4033042322 (base 5) to base 11.
-46300a4
Convert 112110022200222 (base 3) to base 12.
26a6022
-20022222021 (base 3) to base 11
-85709
1840322 (base 9) to base 15
155445
What is -2196624 (base 12) in base 8?
-30370374
What is 24b5f (base 16) in base 5?
14302432
What is -59776 (base 15) in base 12?
-119056
Convert -13221110 (base 4) to base 14.
-b5ac
Convert -3434531 (base 8) to base 4.
-3203211121
-885165 (base 11) to base 4
-11120310133
-2110b4 (base 12) to base 15
-a4244
547baaa (base 12) to base 14
21cc0b8
Convert -110111101110101001100 (base 2) to base 11.
-1037aa3
What is 120002212120 (base 3) in base 5?
34003324
What is -121777 (base 10) in base 9?
-205037
What is -51711a4 (base 11) in base 3?
-122011111021112
What is -12121210122 (base 3) in base 12?
-5405b
Convert -10110000110001101111100 (base 2) to base 12.
-1b34278
What is 3142412 (base 8) in base 13?
233bbc
What is -174bb5 (base 12) in base 16?
-624b9
What is a458a (base 14) in base 2?
1100000101111001110
Convert -201002222011 (base 3) to base 11.
-237667
193763a (base 11) to base 6
154110101
274 (base 13) to base 5
3213
What is 15122113 (base 6) in base 3?
222121212200
Convert 110121201120021 (base 3) to base 16.
665533
Convert -55740 (base 13) to base 12.
-75869
-235161 (base 7) to base 13
-1652a
11022222210 (base 3) to base 6
1454503
What is 121203124 (base 5) in base 10?
569164
-113201332 (base 4) to base 8
-274176
Convert -2a81d (base 15) to base 8.
-413174
Convert 67136611 (base 8) to base 16.
dcbd89
What is 17853 (base 12) in base 13?
12660
Convert -7964f3 (base 16) to base 14.
-10b1443
Convert 69030 (base 14) to base 5.
31131414
Convert -1112133040 (base 6) to base 11.
-6944157
4613843 (base 10) to base 8
21463323
Convert -464758 (base 13) to base 15.
-22dc07
What is 101100001110110100011000 (base 2) in base 12?
3a72108
Convert 78ddd (base 14) to base 5.
33343412
-1201031 (base 5) to base 13
-a037
3777c7 (base 13) to base 2
101000100110101100011
What is -3803260 (base 9) in base 13?
-575a3c
Convert -2044242 (base 9) to base 8.
-4125222
-112022101101220 (base 3) to base 10
-7605222
10634213 (base 7) to base 9
1671832
What is -27b7cd (base 16) in base 2?
-1001111011011111001101
What is 1d2e5 (base 16) in base 11?
8188a
-1100110010001111011011 (base 2) to base 15
-463095
What is 149539 (base 10) in base 16?
24823
What is -85159b (base 13) in base 11?
-1839378
What is -8ed82 (base 15) in base 11?
-291087
What is -111002122121 (base 3) in base 15?
-515c7
What is -1351234 (base 6) in base 3?
-10220022111
b07b62 (base 12) to base 9
5152472
42c9c (base 15) to base 16
33c81
2f6b0 (base 16) to base 7
1436152
Convert d02bc (base 15) to base 10.
658752
What is 21410442 (base 5) in base 10?
185122
What is 11034221430 (base 5) in base 16?
b77645
2527 (base 15) to base 3
101212001
What is -28d02 (base 14) in base 16?
-18bd6
Convert -950ac5 (base 13) to base 3.
-20120010021222
Convert -38ec3 (base 15) to base 12.
-89540
Convert 26210268 (base 9) to base 10.
12879467
What is -2455333 (base 7) in base 10?
-316417
Convert 34313121 (base 5) to base 16.
4b056
What is 100101011100010 (base 2) in base 14?
6db4
Convert -280038 (base 9) to base 6.
-3353525
What is 203993 (base 13) in base 15?
ec6e8
Convert 1501166 (base 7) to base 10.
202124
What is -5a7472 (base 16) in base 7?
-101246642
29666 (base 13) to base 12
39175
-5476815 (base 9) to base 7
-34012103
What is 44604641 (base 7) in base 3?
21021110221112
What is 11060314 (base 7) in base 12?
3a1124
What is -144411122 (base 5) in base 6?
-24410024
What is 13006340 (base 7) in base 4?
10133301203
What is -71777 (base 8) in base 4?
-13033333
120022110020 (base 3) to base 7
2363511
Convert -1404130442 (base 5) to base 7.
-42312533
20012222102000 (base 3) to base 9
6188360
What is 113651336 (base 7) in base 12?
244267b
What is 5d3c18 (base 15) in base 13?
c057c8
Convert -1540021 (base 6) to base 13.
-323b6
Convert -b4b9 (base 15) to base 16.
-9537
What is -1110101222221 (base 3) in base 7?
-6410245
Convert 1111253 (base 8) to base 15.
5dbe6
Convert 4010633 (base 7) to base 4.
1303203203
-5610520 (base 7) to base 10
-691747
What is 7189517 (base 11) in base 13?
2824ab3
What is 220232 (base 7) in base 13?
14705
Convert -1588738 (base 10) to base 3.
-2222201100011
-108d1 (base 14) to base 8
-116347
Convert 689127 (base 13) to base 16.
25c8bd
What is 31bab (base 12) in base 7?
362255
1925 (base 12) to base 14
1181
What is -1a46d9 (base 15) in base 5?
-311440204
Convert -5606a (base 13) to base 16.
-261ab
What is 41783 (base 12) in base 14?
23391
Convert 12246014 (base 7) to base 5.
240313003
What is 70893 (base 12) in base 9?
242753
-10a0b33 (base 14) to base 15
-a656b7
Convert -1120353103 (base 6) to base 16.
-bc691f
What is -3653776 (base 8) in base 15?
-14ce2b
-37653306 (base 9) to base 5
-14211133104
Convert 623151 (base 9) to base 4.
1122101002
Convert 7aa8a5 (base 11) to base 9.
2373018
What is 14242120 (base 5) in base 16?
2489c
Convert 413526 (base 7) to base 9.
117253
2220212201102 (base 3) to base 5
344140230
-12100010110 (base 3) to base 10
-105069
What is -1a19919 (base 11) in base 13?
-925044
-263ad (base 14) to base 9
-152885
What is -587be (base 16) in base 6?
-11433530
Convert c242 (base 14) to base 3.
1200210020
-7831b2 (base 12) to base 16
-1d3156
Convert -1261024 (base 7) to base 12.
-800ba
What is -b6550 (base 13) in base 3?
-121200021220
Convert 7ffe8 (base 16) to base 4.
1333333220
Convert 52388 (base 9) to base 13.
12986
Convert -23983 (base 15) to base 2.
-11011101101110011
-54468 (base 12) to base 5
-12024443
Convert -10644745 (base 8) to base 16.
-2349e5
-2784b0 (base 13) to base 6
-32332352
-5a442 (base 11) to base 15
-1abd0
What is 212013213 (base 4) in base 10?
156135
-1000011111101001001001 (base 2) to base 15
-2debab
-366571 (base 9) to base 13
-799a5
-10004640 (base 7) to base 4
-3021132111
b4b4c (base 15) to base 7
4604220
2202134 (base 6) to base 5
11444404
What is -168855 (base 11) in base 5?
-31314243
Convert 65ba93 (base 12) to base 9.
3034373
What is -11